visor of v and o?
18
Let t(v) = -v + 2. Let f be t(5). Let i(n) = -n**2 + 4*n. Let r be i(f). Let c be r/(-2)*4/3. Calculate the greatest common divisor of 7 and c.
7
Let c(x) = x**3 - 7*x**2 - 6*x + 7. Let r be c(8). Let g = r + -32. Let j = g - -11. What is the greatest common divisor of 22 and j?
2
Let a(i) = -14*i + 1. Let y be a(-1). Let k be (49/(-14) + 6/4)/(-2). Let j be k + 70/(-90) - (-1078)/9. Calculate the greatest common divisor of y and j.
15
Suppose 0 = -1511*d + 1503*d + 2520. Let l = 35 - 0. Calculate the highest common factor of d and l.
35
Suppose -67449 = -28*z - 16797. What is the highest common divisor of 27 and z?
27
Let k(r) = -7*r - 3. Let x = -116 + 107. Let p be k(x). What is the greatest common factor of p and 24?
12
Let i = 4 + 4. Let c be (2/(-3))/(5 + 62/(-12)). What is the greatest common divisor of c and i?
4
Let t(p) = p**3 + 11*p**2 - p - 11. Let d be t(-8). Suppose h + 2*h - d = 0. Let n = 15 - 8. What is the highest common divisor of h and n?
7
Let v = 103 + 390. What is the greatest common factor of v and 17?
17
Suppose u + 6 = 62. Suppose -10*k + 6*k = u. Let c be (-7)/k - (-179)/2. Calculate the greatest common factor of 10 and c.
10
Let j(q) = -q**3 - 25*q**2 - 23*q + 140. Let r be j(-24). Calculate the highest common divisor of r and 58.
58
Let c = -590 - -636. Calculate the greatest common divisor of c and 575.
23
Let v be 720/14 + (-7)/(196/(-16)). Calculate the greatest common factor of v and 26.
26
Let f(z) = z - 1. Let r be 9/6*2*3. Let w be f(r). Suppose 2*j - 33 - 47 = -5*b, -3*b + 48 = -j. Calculate the greatest common factor of w and b.
8
Let a = 634 + -604. Suppose 4*o + 2*z + z = 225, -o = -2*z - 70. What is the greatest common factor of a and o?
30
Let j = 16 + -16. Suppose 3*c + 0 + 15 = 0, -2*f + c + 221 = j. Calculate the highest common divisor of 12 and f.
12
Suppose -8*v - 4494 + 29470 = 0. What is the greatest common divisor of 14 and v?
14
Let a = 111 + -69. Let l = -33 + a. Calculate the greatest common divisor of l and 81.
9
Let y be (-160)/12*24/(-10). Suppose -3*a + 13 = 58. Let c = 23 + a. Calculate the highest common divisor of y and c.
8
Let l be (0 + (-106)/3)/((-14)/126). What is the greatest common factor of l and 12?
6
Let d = 2 - -17. Suppose -55 + d = -3*t. Let x = -6 + t. Calculate the highest common factor of 15 and x.
3
Suppose 0 = -5*f + 3*s + 467, -f - 2*s + 5*s = -103. What is the highest common divisor of 7 and f?
7
Suppose 0 = 4*y - 9*y + 30. Suppose v + y = -2*v. Let i be (-40 + (-4)/(-1))/v. What is the highest common divisor of i and 198?
18
Suppose -7*t - 38 = -101. What is the greatest common divisor of 747 and t?
9
Suppose -3*s - 3*s - 474 = 0. Let l = -61 - s. What is the greatest common factor of 144 and l?
18
Suppose 8*l - 61*l + 318 = 0. Calculate the highest common factor of l and 30.
6
Let d be (-9)/(-2) + 6/(-12). Suppose 0 = -4*q + d + 20. Calculate the highest common factor of q and 12.
6
Suppose 162 = -4*g + 1310. Suppose 0 = 5*w + 3*n - g, w - n + 34 = 93. Calculate the greatest common divisor of w and 58.
58
Let j(f) = 199*f - 1357. Let z be j(7). Let m = 28 + -16. What is the highest common divisor of m and z?
12
Suppose 4 = 4*z - 12. Let m = z - 2. Calculate the highest common divisor of m and 2.
2
Let y = 0 + 2. Let s = -241 + 263. Calculate the highest common divisor of s and y.
2
Let m = 65 + -59. Let a be (4 - 12/9)/(m/117). What is the greatest common divisor of a and 78?
26
Suppose 0 = n - 5*x - 136, -x + 6*x - 650 = -5*n. Let f = -116 + n. Calculate the greatest common factor of f and 15.
15
Let b be (10/8)/(12/(-48)). Let y = 108 + b. Let k = y - 65. What is the greatest common divisor of k and 19?
19
Let u = 4 + 8. Let b be (-4)/(-26) - (-608)/104. Let z be 2 + -6 + 2*b. Calculate the highest common factor of z and u.
4
Let k(d) = d**2 + 14*d + 3. Let a be k(-14). Let o = 6 - -6. Calculate the greatest common factor of o and a.
3
Let t = -19 - -21. Suppose -4*m - t*z = -64, 23 - 85 = -4*m - z. What is the highest common factor of m and 165?
15
Let p(u) be the second derivative of -u**3/2 + 11*u**2/2 + 16*u. Let c be p(-3). Calculate the highest common divisor of c and 80.
20
Suppose -5*i - 721 + 181 = 0. Let j = i - -189. What is the highest common divisor of 27 and j?
27
Let c = -1765 - -1975. Suppose -5*r + 32 = -73. Calculate the highest common divisor of r and c.
21
Let f(b) = b + 7. Let v be ((-2)/6)/((-2)/(-18)). Let c be f(v). Suppose -3*x = -c*x + 12. Calculate the highest common divisor of x and 12.
12
Let g be ((-413)/4)/((-798)/912). What is the greatest common divisor of g and 236?
118
Let g(t) = t**3 - 6*t**2 - 16*t + 9. Let x be g(8). Suppose 3*p + 2*p - 225 = 0. What is the highest common factor of p and x?
9
Suppose -4*j + 0*v = 5*v - 1, -3*v = j + 5. What is the highest common divisor of j and 19?
1
Suppose 0 = 5*k + 4*s - 435, 2*s = k - 5*k + 348. Calculate the greatest common factor of k and 174.
87
Let d = 126 + -66. Let c(p) = 3*p - 18. Suppose 0*v = j + 3*v - 20, -4*j + 29 = -5*v. Let g be c(j). What is the greatest common divisor of g and d?
15
Let p(m) = -m**3 - m**2 - 15*m - 10. Let i be p(-5). What is the highest common factor of 363 and i?
33
Let o be (-3)/(-12)*-12*2/(-6). What is the greatest common factor of 1 and o?
1
Suppose 4*y + 3*z = -y + 55, -4*y + 3*z + 71 = 0. Let l = 35 - y. Calculate the greatest common factor of l and 14.
7
Let d = 102 + -84. Calculate the highest common factor of 909 and d.
9
Let b(r) = 52*r**3. Let f be b(1). Let x = -35 + f. Calculate the highest common factor of 119 and x.
17
Let m be 583/5 + 4/10. Let d = 551 - 538. What is the highest common divisor of m and d?
13
Let k be 14*5/315*2403. Calculate the greatest common divisor of 6 and k.
6
Suppose 2*x + 8 = 2*s, 3*x - 4*s + 21 = -2*x. Let d be (2/(-2))/(1/x). Calculate the highest common divisor of 5 and d.
5
Suppose 3*d - 684 = -d. Let c(h) = 17*h + 104. Let w be c(-5). What is the highest common divisor of d and w?
19
Let v = 305 - 245. Calculate the highest common factor of v and 36.
12
Let i = -254 + 298. What is the highest common divisor of 110 and i?
22
Let b = 36 - -54. What is the greatest common divisor of 20 and b?
10
Let j(y) = -y**2 - 7*y + 7. Let z be j(-6). Let k be -20 - -10 - (-3 + 0). Let l = k + 46. What is the highest common factor of z and l?
13
Let y(r) = -2*r**2 + 10*r + 73. Let w be y(7). What is the highest common divisor of w and 30?
15
Let m(r) = -98*r - 14. Let l be m(-2). Calculate the highest common divisor of l and 14.
14
Suppose 4*k = 4*r - 40, 5*r - 4*k - 40 = -k. Suppose -2*z = -4*p - 80, -8 - 180 = -r*z + 4*p. Calculate the greatest common factor of z and 9.
9
Let x(z) be the second derivative of -z**3/6 + 19*z**2/2 - 9*z. Let c be x(-9). Suppose 5*v = 3*v + 56. Calculate the greatest common divisor of v and c.
28
Let t = 49 + -55. Let g be 195/9 - t/(-9). What is the highest common divisor of 231 and g?
21
Let h be (-16)/(-12) + 4/6. Suppose -4*a + 5*j - 6*j = -416, h*j - 412 = -4*a. Calculate the greatest common divisor of 21 and a.
21
Let l be (-2 - (-1 + (-6)/(-3))) + 12. Let s = 5 + l. Calculate the greatest common factor of s and 28.
14
Let m = -263 - -291. Let g be -2 + (-8)/4*-5. Calculate the highest common factor of m and g.
4
Let o(g) = -g**3 - 5*g**2 - 6*g - 5. Let b be o(-5). Let p = b - 13. Let q be 6/((-1)/2 + 2). Calculate the highest common factor of q and p.
4
Let m(u) = u**2 - 18*u + 15. Let k = -24 - -19. Let d(i) = -2*i + 8. Let o be d(k). Let r be m(o). Calculate the greatest common factor of 45 and r.
15
Let s be (-35)/2*(12 - 962/65). Calculate the greatest common factor of 28 and s.
7
Suppose 595 = 5*z - 5*f, 3*z - 2*f + 246 = 5*z. Suppose 0 = -a + v + 34, 2*a + 2*v + 45 = z. Calculate the greatest common factor of a and 12.
12
Suppose -275 = 10*r - 11*r + 2*d, 2*r + 4*d = 590. Calculate the highest common divisor of r and 171.
57
Suppose 0 = 32*j + 2*j - 7650. What is the greatest common factor of j and 63?
9
Suppose 2*k = -2*z + 68, 0 = k - 3*z - 0*z - 42. What is the greatest common divisor of k and 252?
36
Let b be (7/((-140)/(-12)) + 1)*5. Calculate the greatest common divisor of b and 8.
8
Let s be (72/14)/(8/112). Let o = s - -123. Calculate the highes